 - 2*v + v = 191. What is the tens digit of x?
4
Let o be (2/(-12))/((-1)/12). What is the hundreds digit of (3/2)/(o/(-2184)*-9)?
1
What is the hundreds digit of (-3)/7 - ((-3146910)/(-105))/(-13)?
3
Suppose -8 = -q - 6. Suppose 0 = -q*g + 2*p + 34, -5*g + 65 = -g - 5*p. What is the tens digit of g?
2
Suppose -c - 4*a = 0, -2*c - 9*a + 5*a = -12. What is the tens digit of c?
1
Suppose -2208 = -19*l + 14512. What is the tens digit of l?
8
Let x = -32 - -35. Let m be (-5)/20*(-33 - x). Suppose -m*r = -7*r - 72. What is the tens digit of r?
3
Let q(s) = -9*s + 25. What is the tens digit of q(-4)?
6
Suppose 14*s - 1426 - 212 = 0. What is the hundreds digit of s?
1
Let g(c) be the second derivative of 9*c**3/2 + 3*c**2/2 + 13*c. What is the hundreds digit of g(4)?
1
Let s(v) = v**3 - 12*v**2 - 10*v + 9. Let a be s(13). Suppose -3*t + a = -153. What is the tens digit of t?
6
Suppose 2*u - 3*i + 37 = 6*u, -5*i - 6 = -3*u. Let c = u - 15. What is the tens digit of c/(-2)*(-34)/(-8)?
1
Suppose 3*k - k - 2*x - 8 = 0, 4*x = -4*k - 8. Suppose v + 5*d = d + 19, 0 = -3*v + 2*d + k. Suppose 9 + v = 2*g. What is the units digit of g?
6
Let h = 2255 - 1413. Suppose 13*i - 81 = h. What is the units digit of i?
1
Suppose 3*v - 2 = 4. Let z(n) = 3 + 0 - v + 0 + 2*n + n**2. What is the tens digit of z(-8)?
4
Let p = 34 + -19. Suppose p + 10 = -5*c. Let n(l) = -5*l - 2. What is the tens digit of n(c)?
2
Let n be ((-60)/(-18) - 4)*-24. Suppose 5*x = -n + 321. What is the units digit of x?
1
Let q = 29 - -292. What is the units digit of q?
1
Let n(p) be the first derivative of -3*p + 1/3*p**3 - 3/2*p**2 - 2. What is the units digit of n(5)?
7
Let o = 33 + -37. What is the tens digit of 78 + (2/(-3))/(o/18)?
8
Let o = 72 - 115. Let n = 10 - o. What is the units digit of n?
3
Suppose -4*j + 1 = 13. Let b(p) = -3*p**2 + 1. Let h be b(j). What is the units digit of h/(-4) + 3/(-6)?
6
Let g = -173 + 32. Let c = g - -266. What is the tens digit of c?
2
Suppose 5*r - 4115 = 2*y, -r - 70*y + 72*y + 823 = 0. What is the tens digit of r?
2
Let y(i) = 14*i + 6. Suppose -4*f + 2*o + 18 = 0, 0*f = -3*f - 3*o + 18. What is the units digit of y(f)?
6
Let x be 195/(-27) - (-2)/9. Let g = -3 - x. Suppose -5*s - 64 = -2*o, o - g*s - 4 - 31 = 0. What is the tens digit of o?
2
Let g = 1495 + -739. What is the tens digit of g?
5
Let f = 187 + -72. What is the tens digit of f?
1
Let c(x) = -3*x**3 - 10 + 3*x + 11*x**2 + 2*x**3 - 12*x. Let i be c(10). What is the units digit of 1 - i*(-2)/4?
1
Let k(o) = -16*o + 1 - 6*o**3 + 11*o**2 + 9 + 5*o**3. What is the units digit of k(9)?
8
Let d(o) = 13*o - 10. Let f be d(4). Let j = 80 - f. What is the units digit of j?
8
Let t(h) = -h**3 + 12*h**2 - 11*h - 32. What is the units digit of t(8)?
6
Let c(x) = -1 + 4 - 9 + 3*x. Let f be c(3). Let p(z) = 4*z - 2. What is the tens digit of p(f)?
1
Suppose -187*m - 11158 = -194*m. What is the tens digit of m?
9
Let o(r) = -r + 1. Suppose 0*q - 2*q + 5 = 5*v, 3 = 3*v - 2*q. Let g be o(v). Suppose g = t + 2*f - 37 - 5, -4*t - 5*f = -156. What is the units digit of t?
4
Suppose 0*i = 10*i - 360. Let y = i - -111. What is the units digit of y?
7
Suppose -3*n = -r - 48, -5*n + 40 = -2*r - 39. Let q = n + -17. Suppose q = -2*u - 40 + 124. What is the tens digit of u?
4
Let a = 16 + -14. Suppose -a*x - 5*q = -75, 0*x - x = 3*q - 35. What is the tens digit of x?
5
Let a(k) = -14*k - 1. Let u be a(5). Let q = u + 143. What is the tens digit of q?
7
Suppose 8*i + 906 = 2970. Let v = -130 + i. What is the hundreds digit of v?
1
Suppose 3*o + 4*h - 12571 = 0, -o + 13*h - 14*h + 4190 = 0. What is the thousands digit of o?
4
Let t(g) = 4*g**3 + 5*g**2 - 3. What is the hundreds digit of t(4)?
3
Let c = -2 - -10. Let p(z) = 7*z**3 - 3*z**2 + 7*z - 10. Let d(l) = -l**3 - l**2 + l. Let w(x) = 6*d(x) + p(x). What is the tens digit of w(c)?
3
Let w(n) = 4*n + 46. Let h be w(-11). What is the tens digit of -27*(-11 + 14)*h/(-9)?
1
Let f(c) = 3*c**3 + c**2 - 3*c + 3. Let j be f(1). Suppose -8 - 8 = -j*i, -5*o = 3*i - 327. What is the units digit of o?
3
Let m(y) = -y**3 - 7*y**2 - 3*y - 8. Let b be m(-5). What is the units digit of 6/(-4) - b/2?
0
Let m be (-28)/6*(-6)/(-4). Let o(f) = -f**3 - 6*f**2 + f - 8. Let u be o(m). Suppose -2*j = -8, -3*l + 6*j = j - u. What is the tens digit of l?
1
Let s = 58 + -54. Suppose -9*f = -s*f - 130. What is the units digit of f?
6
Let v be (-4)/10 - (-114)/10. Let w(t) = v*t + 10 + t**3 + 7 - 10*t. What is the tens digit of w(0)?
1
Let n be 5*-1*(-16)/4. Suppose 5*p - p = n. Suppose p*h = 3*r + 191, 3*h + r = 2*r + 113. What is the tens digit of h?
3
Suppose -2*a + 3 = -5*a, -g = a - 18. Suppose 99 = g*v - 16*v. What is the units digit of 5/(-1)*v/(-3)?
5
Suppose -m - 5*d = -112, 3*d + 139 - 638 = -4*m. What is the units digit of m?
7
Let h(t) = -2 - 97*t - 10 + t**2 + 104*t. What is the tens digit of h(-12)?
4
Let p = -4 + -5. Let s = 99 + p. What is the units digit of s?
0
What is the units digit of (-307762)/(-74) - (-10)/185?
9
Let p(t) = -6*t**2 - t + 6. Let r(j) = 2*j**2 - 1. Let q(o) = p(o) + 5*r(o). Let a = 0 + 1. What is the units digit of q(a)?
4
Let v(a) = 7*a**2 - 6*a - 3. Let o = -6 + 17. Let j(r) = r**2 - 11*r - 2. Let z be j(o). What is the units digit of v(z)?
7
Let c = -3 - -5. Suppose -c*n - 24 = -6*n. Let g = n - -21. What is the units digit of g?
7
Suppose -2*m - 4*w = -8, 0 = -m + 2*w + 1 + 3. Suppose 19 + 1 = m*c. Suppose 0 = -t + c*t - 284. What is the units digit of t?
1
Suppose 3*c = -10 - 20. Let l = c - -27. Let r = l - 7. What is the tens digit of r?
1
Let s(p) = 2*p**2 - p - 3. Let g(b) = -5*b + 22. Let y(z) = 4*z - 21. Let f(j) = 5*g(j) + 6*y(j). Let o be f(-12). What is the tens digit of s(o)?
3
Suppose 5*q = 2*h - 3882, -1946 = 6*h - 7*h + 5*q. What is the tens digit of h?
3
Let f = -26 - -31. Suppose -f = -5*i + 210. What is the tens digit of i?
4
Let p be ((-21)/6)/((-1)/(-2)). What is the units digit of (-6 - p)*58/2?
9
Suppose -1330 = -4*x + 3*x. What is the hundreds digit of x?
3
Let w(z) be the first derivative of -z**3/3 + 6*z**2 - 7*z + 3. Let g be w(11). Let q(x) = 6*x. What is the tens digit of q(g)?
2
Suppose 4*p - p + 14 = g, 0 = 5*g - 4*p - 15. Let l(q) = 81*q**2 + q + 1. What is the units digit of l(g)?
1
Suppose 5*r = -b + 3640, 3*b = 2*r - 1725 + 252. What is the tens digit of r?
2
Let z = 576 + -365. What is the hundreds digit of z?
2
Let l = 109 - 52. Let m be ((-3)/(-3))/(-1 + 54/57). Let f = m + l. What is the units digit of f?
8
Suppose 14 = 4*g + 70. What is the units digit of -4 + 0 - (g + (-42)/(-6))?
3
Let a be (-54)/(-4) + 1/2. Suppose a*w - 156 = 1664. What is the hundreds digit of w?
1
Suppose 0 = 11*h - 556 - 2590. What is the tens digit of h?
8
Let w(k) be the second derivative of -k**4/12 + 11*k**3/3 - 23*k**2/2 + 9*k. What is the tens digit of w(16)?
7
Let h be (6 + -2)*5/4. Suppose 0 = -z - 3*z + h*d + 555, -3*z = -3*d - 414. What is the hundreds digit of z?
1
Suppose r - 3*x + 143 = 529, 5*r + 2*x - 1981 = 0. What is the hundreds digit of r?
3
Let d(v) = 2*v**2 - 4*v - 24. Let c be d(-10). Suppose -3*y + c = y. What is the tens digit of y?
5
Suppose -4*f + 124 + 101 = b, f - 675 = -3*b. What is the units digit of b?
5
Suppose b = -0*b + f + 26, -5*f - 52 = -2*b. Let y be (-2)/(-5) + 64/(-10). What is the tens digit of (-296)/y - b/(-39)?
5
Suppose -i = 1, -3*f + 3*i - 1582 + 10141 = 0. What is the units digit of f?
2
Let w(z) = -z**3 + 19*z**2 + 47*z + 72. What is the units digit of w(21)?
7
Let w = 17 + -13. Suppose -293 = 4*h - 9*h - 3*q, 0 = -w*h + 4*q + 228. What is the tens digit of h?
5
Let b = -23 + 23. Suppose 2*v - 3*v + 75 = b. What is the units digit of v?
5
What is the units digit of (-4272)/(-9) + (-20)/(-60)?
5
Suppose v - 2*v = 2*y - 107, -v = -3. What is the units digit of y?
2
Let l(g) = -g - 6. Let f be l(-10). Suppose -5*h = -v - h - 8, f*h - 12 = 0. Suppose 5*p + 3*b - 392 = 0, -p - v*b = -14 - 61. What is the units digit of p?
9
Let z(q) = q**3 + 3*q**2 - 1. Let m be z(-2). Suppose -3*t + 12 = m*t. Suppose 0 = -5*n - b + 12, t*b + 0*b = -6. What is the units digit of n?
3
Let h be ((-50)/75)/((-1)/27). Suppose 20*t = h*t + 160. What is the tens digit of t?
8
Let m = 42 + -87. Let d(s) = s**2 + 14*